{"id":135,"date":"2017-10-09T08:00:12","date_gmt":"2017-10-09T15:00:12","guid":{"rendered":"https:\/\/www.courtens.org\/?page_id=135"},"modified":"2018-09-24T23:23:56","modified_gmt":"2018-09-25T06:23:56","slug":"activite","status":"publish","type":"page","link":"https:\/\/www.courtens.org\/index.php\/fr\/activite\/","title":{"rendered":"Activit\u00e9"},"content":{"rendered":"<h2><span class=\"short_text\" lang=\"fr\"><span class=\"\">Exposition actuelle<\/span><\/span><\/h2>\n<h4><strong>Centre Artistique \u00e0 Termonde<\/strong><\/h4>\n<p>Mme Carolien Van Hecke, la directrice des mus\u00e9es de Termonde, m&#8217;informe que le vernissage de l&#8217;exposition Franz Courtens aura lieu le vendredi 4 mai \u00e0 20h. L&#8217;exposition se tiendra dans la salle &#8216;t Sestich, dans le b\u00e2timent de la nouvelle biblioth\u00e8que Kerkstraat 111. Il y a dans ce b\u00e2timent un parking et la salle est directement accessible aux PMR par un ascenseur.<\/p>\n<p>L&#8217;expo se tiendra jusqu&#8217;au 26\/08, du mercredi au vendredi de 14 \u00e0 18h, le samedi de 9 \u00e0 18h, le dimanche de 14 \u00e0 18h. R\u00e9servez d\u00e9j\u00e0 la soir\u00e9e du 4 mai dans vos agendas!<\/p>\n<h2><span class=\"\">Exposition future<\/span><\/h2>\n<h4><strong>Mus\u00e9e Charlier \u00e0 Bruxelles<\/strong><\/h4>\n<p>Vernissage le mardi\u00a009\/10\/2018 de 18 \u00e0 20 h<br \/>\nMus\u00e9e Charlier \u00e0 Saint-Josse-ten-Noode<\/p>\n<h2><span class=\"\">Expositions pass\u00e9es<\/span><\/h2>\n<h4 class=\"documentFirstHeading\"><a href=\"http:\/\/www.mouscron.be\/loisirs\/culture\/centre-marius-staquet\/a-la-une\/franz-courtens\" target=\"_blank\" rel=\"noopener\">Franz Courtens. Du 08\/09\/17 au 29\/10\/17<\/a><\/h4>\n<p>Place Charles de Gaulle,<br \/>\n7700 Mouscron<\/p>\n","protected":false},"excerpt":{"rendered":"<p>Exposition actuelle Centre Artistique \u00e0 Termonde Mme Carolien Van Hecke, la directrice des mus\u00e9es de Termonde, m&#8217;informe que le vernissage de l&#8217;exposition Franz Courtens aura lieu le vendredi 4 mai \u00e0 20h. L&#8217;exposition se tiendra dans la salle &#8216;t Sestich, dans le b\u00e2timent de la nouvelle biblioth\u00e8que Kerkstraat 111. Il y a dans ce b\u00e2timent &hellip; <\/p>\n<p class=\"link-more\"><a href=\"https:\/\/www.courtens.org\/index.php\/fr\/activite\/\" class=\"more-link\">Continue reading<span class=\"screen-reader-text\"> &#8220;Activit\u00e9&#8221;<\/span><\/a><\/p>\n","protected":false},"author":1,"featured_media":0,"parent":0,"menu_order":0,"comment_status":"closed","ping_status":"closed","template":"","meta":[],"_links":{"self":[{"href":"https:\/\/www.courtens.org\/index.php\/wp-json\/wp\/v2\/pages\/135"}],"collection":[{"href":"https:\/\/www.courtens.org\/index.php\/wp-json\/wp\/v2\/pages"}],"about":[{"href":"https:\/\/www.courtens.org\/index.php\/wp-json\/wp\/v2\/types\/page"}],"author":[{"embeddable":true,"href":"https:\/\/www.courtens.org\/index.php\/wp-json\/wp\/v2\/users\/1"}],"replies":[{"embeddable":true,"href":"https:\/\/www.courtens.org\/index.php\/wp-json\/wp\/v2\/comments?post=135"}],"version-history":[{"count":10,"href":"https:\/\/www.courtens.org\/index.php\/wp-json\/wp\/v2\/pages\/135\/revisions"}],"predecessor-version":[{"id":465,"href":"https:\/\/www.courtens.org\/index.php\/wp-json\/wp\/v2\/pages\/135\/revisions\/465"}],"wp:attachment":[{"href":"https:\/\/www.courtens.org\/index.php\/wp-json\/wp\/v2\/media?parent=135"}],"curies":[{"name":"wp","href":"https:\/\/api.w.org\/{rel}","templated":true}]}}

Activité

<h2><span class="short_text" lang="fr"><span class="">Exposition actuelle</span></span></h2>
<h4><strong>Centre Artistique à Termonde</strong></h4>
<p>Mme Carolien Van Hecke, la directrice des musées de Termonde, m&#8217;informe que le vernissage de l&#8217;exposition Franz Courtens aura lieu le vendredi 4 mai à 20h. L&#8217;exposition se tiendra dans la salle &#8216;t Sestich, dans le bâtiment de la nouvelle bibliothèque Kerkstraat 111. Il y a dans ce bâtiment un parking et la salle est directement accessible aux PMR par un ascenseur.</p>
<p>L&#8217;expo se tiendra jusqu&#8217;au 26/08, du mercredi au vendredi de 14 à 18h, le samedi de 9 à 18h, le dimanche de 14 à 18h. Réservez déjà la soirée du 4 mai dans vos agendas!</p>
<h2><span class="">Exposition future</span></h2>
<h4><strong>Musée Charlier à Bruxelles</strong></h4>
<p>Vernissage le mardi 09/10/2018 de 18 à 20 h<br />
Musée Charlier à Saint-Josse-ten-Noode</p>
<h2><span class="">Expositions passées</span></h2>
<h4 class="documentFirstHeading"><a href="http://www.mouscron.be/loisirs/culture/centre-marius-staquet/a-la-une/franz-courtens" target="_blank" rel="noopener">Franz Courtens. Du 08/09/17 au 29/10/17</a></h4>
<p>Place Charles de Gaulle,<br />
7700 Mouscron</p>

<p>Exposition actuelle Centre Artistique à Termonde Mme Carolien Van Hecke, la directrice des musées de Termonde, m&#8217;informe que le vernissage de l&#8217;exposition Franz Courtens aura lieu le vendredi 4 mai à 20h. L&#8217;exposition se tiendra dans la salle &#8216;t Sestich, dans le bâtiment de la nouvelle bibliothèque Kerkstraat 111. Il y a dans ce bâtiment &hellip; </p>
<p class="link-more"><a href="https://www.courtens.org/index.php/fr/activite/" class="more-link">Continue reading<span class="screen-reader-text"> &#8220;Activité&#8221;</span></a></p>
